2 - 452*u**3. Determine k(6).
17
Let j(b) = -b + 1. Let s = -37 - -37. Suppose x = -s + 2. Calculate j(x).
-1
Let b(c) = -c**3 + 4. Let y be 2*(11/(-22) + -3 + 2). Determine b(y).
31
Suppose -4*c = 4*i, -3*i - 33 = -5*c - 1. Suppose 2*p - 5*m + 0*m - 33 = 0, 5*p = -c*m. Let s(a) = a. Give s(p).
4
Let o be (-12)/9*(-11 + 8) - 9. Let i(x) = 13*x + 1. Let q(a) = -12*a - 1. Let u(j) = j - 12. Let b be u(8). Let d(s) = b*i(s) + o*q(s). What is d(1)?
9
Suppose -3 = -2*f - 13. Let n be 0 - (3 + (-9 - -3)). Let v(l) = 4 + l + 2 - n - 2. Calculate v(f).
-4
Let v(u) = -4*u + 6. Let t be v(4). Let q(y) be the third derivative of y**5/60 + 11*y**4/24 + 4*y**3/3 - 93*y**2 - 4. Determine q(t).
-2
Let n(c) = -c + 15. Let q be n(15). Let k(b) = 5*b + q*b - 4*b. Calculate k(1).
1
Let j(s) = -30*s - 15. Let g(i) = 11*i + 5. Let n(w) = 17*g(w) + 6*j(w). Give n(5).
30
Let q(x) = -x**2 - 3*x + 7. Suppose -y - 4 = -2*y. Suppose 25 = -z - y*z. Determine q(z).
-3
Let a(o) = o**2 - 6*o + 3*o**2 - 5*o**2 + 2. Determine a(-5).
7
Let n(x) = -2*x - 7 - x**3 + 3*x + 0*x + 6*x**2. Suppose 5*s = 4*q + 4*s - 15, 3*q - s = 10. Suppose -3*p + 2*k = 6*k - 26, -q*p + 5*k = -20. Calculate n(p).
-1
Let h(s) = -4*s**3 + 9*s**2 - 11*s - 10. Let l(j) = j**3 + j + 1. Let b(x) = -h(x) - 3*l(x). Suppose 262 = 57*u - 194. What is b(u)?
7
Suppose 18 = 4*z + 2*z. Let h(f) = -11 + f**3 - 10 + 29 - z*f - 12 - 2*f**2. Let p(w) = w**2 - 2*w - 5. Let m be p(4). Calculate h(m).
-4
Let z(c) be the second derivative of -1/6*c**3 + 3*c - 1/12*c**4 + 0 + 0*c**2. Determine z(0).
0
Suppose 0 = 6*c - c - 10. Let n(y) = -16*y**2 + 11*y**2 - 3 + 4*y**c - 8*y. Determine n(-5).
12
Let n(b) be the second derivative of 0 - 26*b + 2*b**2 + 0*b**4 + 1/6*b**3 - 1/20*b**5. Determine n(0).
4
Let t = 482 - 473. Let l(y) = 2*y + 4. What is l(t)?
22
Let x(l) = -l**3 + 3*l**2. Suppose 0 = 18*t - 16*t - 60. Let f be 94/t + 14/(-105). What is x(f)?
0
Suppose 0 = 3*w - 5*q - 26, 4*w + 9 = 4*q + 33. Let f(j) = -j**w - 7 - 160*j + 168*j + 0*j**2. Give f(6).
5
Suppose 4*w - 63 + 43 = 0. Let k(v) = -v**3 + 3*v**2 + 5*v - 7. Determine k(w).
-32
Suppose -8 = 4*p - 5*r + 25, -3*p - 5*r = 16. Let t(g) = g**2 + 10*g + 8. Give t(p).
-13
Let b(h) = -2*h + 2 - 3 - 24 + h + 3. Determine b(-5).
-17
Suppose -43 = -d - 49. Let q(t) = -t**2 - 6*t - 4. Give q(d).
-4
Let x(m) = 6*m + 89. Let t be x(-16). Let j = 17 - 12. Let u(q) = 7 - q**2 - 3 - 6*q + j. Calculate u(t).
2
Let y(z) = -z**2 + 17*z + 39. Let m be y(19). Let p(q) = 1 + m - 7*q + 302*q**2 + 0 - q**3 - 295*q**2. What is p(6)?
-4
Let x(a) = 7 - 7*a - a**3 - 9367*a**2 + 2 + 9373*a**2. Calculate x(6).
-33
Let d be 2 + 0 + 2/(-2). Let p(q) = -q + 9*q**2 + 15*q**2 - 1 + 2 - 36*q**2 + 11*q**2 - 2*q**3. Determine p(d).
-3
Suppose -14 = -5*z - s, -10 = z - 4*z - s. Let b = 0 + z. Let j(h) = 5 + 6*h + h**b - 2*h + 2 - 6. Give j(-2).
-3
Let n(t) = -t**2 - 2*t + 3. Let s be n(-2). Suppose -j = -4, -s*m = -8*m - 3*j + 52. Let b(l) = l**3 - 7*l**2 - 7*l - 3. Calculate b(m).
5
Let r = -32 - -37. Suppose 3*h + r*y = 5 - 38, 0 = 3*h + 4*y + 30. Let v(a) = -a**3 - 7*a**2 - 5*a + 6. Determine v(h).
0
Let u(o) = o**2 - 3*o - 4. Let h(l) = 2*l**2 - 8*l - 7. Let m(z) = 4*h(z) - 9*u(z). What is m(-6)?
2
Let p(d) be the third derivative of -d**6/120 + d**5/10 - 5*d**4/24 - d**3/6 + 166*d**2. Determine p(5).
-1
Let i(y) = 16*y**2 - 2*y - 1. Let k(x) = -31*x**2 + 4*x + 2. Let q(m) = -5*i(m) - 2*k(m). Determine q(-1).
-19
Let k be 3 + (0 - 1) - 7. Let p(f) = -4*f + 147. Let y(a) = 2*a - 60. Let u(h) = -2*p(h) - 5*y(h). What is u(k)?
16
Let g(f) = -f**3 + 2*f**2 + 2*f - 2. Let y(u) = 3*u**2 + 6*u + 3. Let s(h) = 7*h**2 + 12*h + 5. Let b(c) = 2*s(c) - 5*y(c). Let t be b(-4). Calculate g(t).
-5
Let l(j) = 40*j - j**2 - 4 - 15*j + 2 - 34*j. Give l(-8).
6
Let i(n) = -3*n - 7. Suppose 3*g = -2*t + 24, 4*g + t + 3 = 5*g. Calculate i(g).
-25
Let v(m) be the third derivative of -m**6/120 - m**5/15 - m**4/8 + m**3/6 + 51*m**2. What is v(-3)?
1
Let v be 34/(-255) - (-231)/45. Let k(y) be the first derivative of -3*y + 1/3*y**3 + v - 1/2*y**2. Determine k(3).
3
Let y(u) = 0 + 0 - 11 - 7 - 3*u - 1. Determine y(-6).
-1
Let o = -15 + 16. Let l(f) = 12*f**2 - 3*f - 4. Let c(d) = -2 - 35*d**2 + 13 + 9*d - d. Let x(n) = 3*c(n) + 8*l(n). Give x(o).
-8
Let q(s) = -s**3 - 3*s**2 + s + 2. Let a be q(-3). Let x = 1 - a. Let h(c) = c**3 - 1 - 10 - x*c**2 + 10*c - 7*c**2. Give h(8).
5
Let o(b) = 2*b**3 - 3*b**2 + b - 1. Let k be (-2 + (-24)/(-9))*15. Let c = k - 8. Let n be 1/(c/2)*2. Give o(n).
5
Let z = 56 - 48. Let u(c) = c**2 - 10*c + 10. Calculate u(z).
-6
Let w(b) = 2*b. Let c(t) = -t**3 + 3*t**2 + 5*t - 5. Let a be c(4). Let q be (6/(-12))/(a/(-10)). Let i be 90/12*4/q. Calculate w(i).
-12
Let m(g) = g**2 - g - 4. Let a(n) = -n - 8. Let v be a(-8). Calculate m(v).
-4
Let b(q) = 17*q + 5. Let j(r) = 6*r - 1. Let s(t) = b(t) - 3*j(t). What is s(-7)?
15
Let j(o) = o**3 - 4*o**2 - 5*o + 3. Let x be (-156)/(-18) + (-2)/3. Let g be 1 + (-3)/6 - (-36)/x. Give j(g).
3
Let g = -471 + 466. Let n(j) = 3*j + 3. Calculate n(g).
-12
Let q(l) = -3*l + 3. Let s = 103 + -105. What is q(s)?
9
Let a(n) be the third derivative of n**5/60 - n**4/24 - 2*n**3/3 + 8*n**2 - n. What is a(5)?
16
Let a(t) = -4*t**2 + 8*t + 6. Let i(j) be the second derivative of -11*j**4/12 + 23*j**3/6 + 17*j**2/2 + 13*j. Let q(w) = -8*a(w) + 3*i(w). Determine q(7).
-11
Suppose 2*x - 4*d - 20 = 0, -x = -4*d - 22 + 6. Let t(m) = m - 19. Calculate t(x).
-15
Let a(s) = s - 13. Suppose 51*f + 10 = 52*f. What is a(f)?
-3
Let q(g) = 7*g**3 - 18*g**2 - 2*g + 30. Let k(p) = -2*p**3 + p. Let h(l) = -4*k(l) - q(l). Determine h(-18).
6
Let x(u) = 3*u + 45. Suppose 0 = -14*j - 7*j - 357. Give x(j).
-6
Let o(q) be the third derivative of -q**5/60 + 2*q**4/3 - 8*q**3/3 + 43*q**2 + 2. Give o(14).
12
Suppose -12 = -4*a + q - 6*q, 2*q = -4*a + 12. Suppose -g = 1 + a. Let f(o) = -o**2 - 5*o - 6. Give f(g).
-2
Let i(d) = -3*d**3 + 12*d**2 + 7*d - 1. Let v(m) = 4*m**3 - 18*m**2 - 10*m + 2. Let k be (-6)/(-9) + -2 + 51/(-9). Let u(p) = k*i(p) - 5*v(p). What is u(-6)?
-9
Let f be 9/(507/429 + 4/(-22)). Let i(n) = -7*n + 13. Calculate i(f).
-50
Suppose -2*j + 3 = s, 4*j + 3*s = -2 + 5. Let z(d) = -j*d + 1 + 4 - 3 + 1. Calculate z(5).
-12
Let w(b) = 11 + 17 - 46 + 11 - 6*b. What is w(-5)?
23
Let j = 6 - 6. Let p = j + 0. Suppose 5*n + 4*l = 2*l, p = 5*n - 2*l. Let u(c) = c**3 - c - 4. Give u(n).
-4
Let y(x) = x**3 - 45*x**2 - 45*x - 41. Let p be y(46). Let l(m) = -m + 12. Give l(p).
7
Let m(t) be the second derivative of t**5/20 + t**4/2 - 3*t**3/2 - 7*t**2 + 2*t. Let g be m(-7). Let b(p) = 8 + p - 2*p + 0*p. Give b(g).
8
Let k(w) = -w + 3*w**3 + 0*w**3 - 1 + 2 - 2. Let a be k(-1). Let j = -3 + a. Let c(d) = -d - 6. What is c(j)?
0
Let j(d) = -15*d + 73. Let f be j(4). Let s(y) = -2*y + 34. Calculate s(f).
8
Let a(n) = 6 + 650*n**2 + n - 1298*n**2 + 649*n**2. Give a(0).
6
Let j(o) be the third derivative of o**4/12 + 3*o**3/2 + 176*o**2. Calculate j(-6).
-3
Let h(k) = -k**3 + 5*k**2 - k - 2. Let b be 5 + 0/(-2) - -1. Let w(p) = -8*p + 29. Let i be w(4). Let o = i + b. What is h(o)?
13
Let a = 103 + -100. Let u(c) = -65*c + 68*c + 3*c**3 - 2*c**2 - 8*c**a + 2. Calculate u(-2).
28
Let j(q) be the third derivative of q**4/12 + q**3 + 109*q**2. Determine j(-4).
-2
Let d = 105 + -102. Let t(z) = 0 + 2 - 4*z**2 - 2 - 1 + z**d + z. Give t(4).
3
Let a = -127 + 125. Let z(k) = -5*k - 1. Calculate z(a).
9
Suppose -2*k = -3*f - 12, 12 = 2*k + k - 3*f. Suppose -g + 2 + 3 = k. Suppose -3*s = -g*m + 27, -s + 2 = -m + 3*m. Let q(r) = r**2 - 4. Determine q(m).
5
Let g(z) = z + 13. Let x be g(5). Suppose 2*m + 2*r + x = -0, 2*r = 2*m + 6. Let t(k) = k + 6*k**2 - 1 + 2*k**3 - 1 - k**3. Give t(m).
-8
Let g(z) = 20*z - 50. Let j(v) = -7*v + 17. Let m(s) = -6*g(s) - 17*j(s). Suppose 16 - 11 = o. Calculate m(o).
6
Let y(q) = -44 + q**2 - 48 + 12*q + 117. Determine y(-10).
5
Let j = 8 - 4. Suppose 51 = 4*t + 5*g + 2, 0 = 3*t - j*g + 2. Let m = t - 4. Let r(q) = -7*q + 1. Give r(m).
-13
Suppose 6*t = -1205 + 389. Let o be (-55)/(-8) - 17/t. Let p(g) = g + 3. Determine p(o).
10
Let v(a) = -2 + 2 - 4*a - 3 + 5 - 1. Calculate v(-3).
13
Let y(w) = -w**2 + 10*w + 2. Let o be y(10). Let c(k) = -10*k**o - 1 - 3*k 